4*z + 20, -2*h - 5*z + 16 = 2*h. Suppose h*v - 185 = -v. List the prime factors of v.
37
Suppose -4*z - 66 = 18. Let y = z - -43. What are the prime factors of y?
2, 11
What are the prime factors of -4 - (-44 - (-5)/(-5))?
41
Let c(z) = 7*z**2 + z - 1. What are the prime factors of c(2)?
29
Suppose 21 - 87 = -n. Suppose -m + n = m. Suppose 0 = -4*r + r + m. What are the prime factors of r?
11
What are the prime factors of 5/20 + (-70)/(-8)?
3
Suppose -28 = 3*t - 127. What are the prime factors of t?
3, 11
Suppose -2*w + 3*i = -0*w - 39, 4*w - 73 = 5*i. What are the prime factors of (-6)/(-8) - (-15)/w?
2
Let m be (-4)/6*657/(-6). Suppose 2*y - 4*l = -l + m, -l = -5*y + 215. List the prime factors of y.
2, 11
Suppose -45 = 5*h - 2*c, h - 5*h - c - 23 = 0. Let y = -3 - h. List the prime factors of y.
2
Suppose 0 = 4*c + 4*q + 64, -71 = c + 4*c - 4*q. Let i = c + 9. Let l = i + 12. What are the prime factors of l?
2, 3
Let g be -4*(-2)/(16/6). Suppose 0 + 8 = 2*u. Suppose -u = -k + g. List the prime factors of k.
7
Let i(q) = -6*q**2 - q + 1. Let c be i(1). Let o be (-2)/c - 10/(-6). Suppose 3*a - 40 = -o*a. List the prime factors of a.
2
Suppose 2*i - 4*i - 8 = 2*z, 3*i = -z - 2. Suppose -w + 14 = -i. What are the prime factors of w?
3, 5
Let c(y) = y**2 + 4*y + 5. Let g be 1/(-4) + 2/8. Suppose -4*f + 3*k - 4 = g, 5*k + 4 = 3*f - 4. List the prime factors of c(f).
5
Let c be 2 - (2 + 0)/2. Suppose 7 = -4*n - c. Let l = n + 14. What are the prime factors of l?
2, 3
Let i be 2 + -1 - 4/2. Let q be (-2)/5*30/i. Let g = q - 5. List the prime factors of g.
7
What are the prime factors of (1 + (-3)/2)*-366*1?
3, 61
Let g be (-8)/(-18)*(-99)/(-22). Suppose 2*a + 107 = g*h - a, h = 5*a + 36. What are the prime factors of h?
61
Let s = -117 - -126. What are the prime factors of s?
3
Let v(f) = -20*f**3 - 2*f**2 - f - 1. List the prime factors of v(-1).
2, 3
Let a = -14 + 8. Let u = -5 - a. What are the prime factors of 11/(-1 + 2)*u?
11
Suppose -c + n = 0, c + 8 = -0*c + 5*n. Let i be 0/(-1) - c - 14. List the prime factors of (i/(-6))/((-2)/(-6)).
2
Let t be ((-34)/3)/(4/(-24)). What are the prime factors of (15 + -12)*t/6?
2, 17
Let w = 7 + -4. Suppose p - 12 = -w*p. Suppose p*z = 73 - 22. What are the prime factors of z?
17
Suppose -4*b + 249 = 5*i - 214, 283 = 3*i + 5*b. List the prime factors of i.
7, 13
Suppose -6*c + 63 = -3*c. List the prime factors of c.
3, 7
Let i be 4/3 + (-2)/(-3). Let b = 61 - 57. Suppose g = 2*t - 14, 5*t + b*g - i*g = 17. What are the prime factors of t?
5
Let w(y) = -y**2 - 7*y - 1. Let h be w(-6). Suppose -h*l + 162 = 32. Suppose l = 5*b + 1. List the prime factors of b.
5
Suppose 137 = 3*o - 802. List the prime factors of o.
313
Suppose -322 = -5*b + 13. List the prime factors of b.
67
Let y(a) be the third derivative of a**5/20 - a**4/6 + a**3/6 + 2*a**2. What are the prime factors of y(3)?
2
Let n be 2/6 - 1/3. Suppose -z = 4*a - n*a + 16, z + 11 = -3*a. List the prime factors of z.
2
Let h(d) = -3*d**3 - 3*d**2 - 5*d + 2. Let s(p) = -p**3 + 1. Let r(u) = -h(u) + 4*s(u). Let t be r(4). Suppose -b + t*b = 60. List the prime factors of b.
2, 3
Let z = 1 - 1. Suppose p + y - 2 = z, p - y = -0*p + 6. What are the prime factors of (48/p)/(6/8)?
2
Let x = 9 - 9. Suppose x = 3*m - 10 - 32. What are the prime factors of m?
2, 7
Suppose 0 = 3*a - 32 + 5. List the prime factors of -3 + 2 + 2 + a.
2, 5
Let p(s) be the first derivative of s**2/2 + 9*s - 3. List the prime factors of p(7).
2
Let k(w) = -45*w**3 + 3*w**2 + w - 1. What are the prime factors of k(-1)?
2, 23
Suppose -120 = 19*z - 424. What are the prime factors of z?
2
Let o(c) = 2*c**3 - 2*c + 7*c**2 - 1 - 2 - 3*c**3. What are the prime factors of o(5)?
37
Suppose -2*w - w + 30 = 0. Let q be -1 - -4 - (-1 + 1). Suppose -g = -q*g + w. List the prime factors of g.
5
Let h be -3 + (0 - (-5 + 2)). What are the prime factors of h - (-1 + 0) - -27?
2, 7
Let i be 11/4 + (-9)/12. Suppose i*u - 20 = 6*u - 4*b, 5*u - 3*b + 27 = 0. What are the prime factors of ((-16)/u)/(1/6)?
2
Suppose 2*s + 4*j + 3 = 13, j - 1 = 0. Let o(a) = 2*a**3 - a**2 - 2*a - 4. What are the prime factors of o(s)?
5, 7
Suppose -9*w = -402 - 606. List the prime factors of w.
2, 7
List the prime factors of -4 - (-3 - (-1 + 138)).
2, 17
Let n(x) = x**3 + 6*x**2 - x - 3. Let i be n(-6). Let s(q) = 4*q + q**3 + 38 - 3*q**2 - 38. List the prime factors of s(i).
2, 3
Let a = -510 + 1428. Let g be a/21 - 2/(-7). Suppose -2*s - g = -5*u + 2*s, 16 = 2*u - 2*s. List the prime factors of u.
2, 3
Let i be (-10)/15 + 80/(-6). Let v = i + 27. List the prime factors of v.
13
Let y = -118 + 357. List the prime factors of y.
239
Let d(c) = -18*c + 1. What are the prime factors of d(-3)?
5, 11
Let g = 48 - 35. What are the prime factors of g?
13
Suppose -11 = -5*s + 29. List the prime factors of s.
2
Suppose -m + 1 + 1 = 0. Suppose a + 0 = m. Suppose 12 = -q + a*q. List the prime factors of q.
2, 3
Suppose 6*k - 275 = -11. List the prime factors of k.
2, 11
Suppose 0 = 2*b - 3 - 1, 0 = -3*o + 3*b + 291. What are the prime factors of o?
3, 11
Let k = 17 + 13. List the prime factors of k.
2, 3, 5
Suppose 0 = n - 5*x - 9, 3*n - 5*x = -0*x + 7. List the prime factors of 3 - 3 - (-46 - n).
3, 5
Let t = 10 + -7. Suppose 21 = t*l - 3. Suppose m - 3*m + l = 0. List the prime factors of m.
2
Let y(s) be the second derivative of 5*s**3/6 + 2*s. Let q be y(2). What are the prime factors of (-68)/(-5) - (-4)/q?
2, 7
Suppose 0 = -p + n + 49, -5*n + 19 = 4*p - 222. What are the prime factors of p?
2, 3
Let h = -12 - -14. Suppose -127 = -4*z - 5*i + h*i, -5*z + 159 = 4*i. What are the prime factors of z?
31
Let m be (-2)/(-9) + (-202)/18. Let t = -41 - -57. Let a = t + m. What are the prime factors of a?
5
Suppose -36 = 3*b - 4*b + 2*y, 0 = -5*b - 2*y + 156. Suppose -5*f + b = -3*f. List the prime factors of f/6*(-9)/(-6).
2
Let f = -14 - -25. List the prime factors of f.
11
Suppose -3*b - t = -93, -3*b - 4*t = -41 - 43. What are the prime factors of b?
2
Let g(v) = 3*v**2 + 7*v - 11. Let z be g(-8). Let w = z + -74. List the prime factors of w.
3, 17
Let j(t) = -t**2 + t**2 + t**2 + 2*t - 5. What are the prime factors of j(-5)?
2, 5
Suppose 7*t - 125 = 2*t. Suppose -2*a + 17 = -3*r, -a = -5*a + 3*r + t. Suppose 3*g - 4*c + c = 36, -c + a = 0. What are the prime factors of g?
2
What are the prime factors of (-2)/8*1 - 6302/(-184)?
2, 17
Let r(n) = n**2 + n - 1. Let u be r(2). Suppose 0 = -i + u + 1. What are the prime factors of i?
2, 3
Let h be (-5 + 1)*(0 - 1). Suppose h*y - 4 - 68 = 0. What are the prime factors of y?
2, 3
Suppose 4*p - 151 = 17. Suppose -5*i - 7 = -p. List the prime factors of i.
7
Suppose -2*z + 66 = 2*s, 0*z - 5*s = 3*z - 101. List the prime factors of z.
2
Suppose -6*j + 486 = -2*j + 5*i, 3*j - 2*i = 376. What are the prime factors of j?
2, 31
Let p = -14 - -10. What are the prime factors of 20 + 16/p + 2?
2, 3
Let w(h) = 9*h**2 - 4*h + 15. What are the prime factors of w(5)?
2, 5, 11
What are the prime factors of -2*(-4 - 3) + 2?
2
Suppose 2*o - 82 = 2*v, -3*o + v - 4*v + 129 = 0. List the prime factors of o.
2, 3, 7
Suppose -2*j - 4 = -30. Let x(k) = -k**3 + 12*k**2 + 12*k + 18. What are the prime factors of x(j)?
5
Suppose -4*n + 49 = 5*r + 13, -3*r + 3*n = 0. Suppose -2*w = 8, -r*v + 3*w = w - 24. List the prime factors of v.
2
Let f(z) = z**2 + 5*z + 3. Let m be f(-5). What are the prime factors of 24/(m/2 - 0)?
2
Let m be 2*2*(3 + -1). Suppose 2*x - m = -2*x. List the prime factors of ((-3)/(-9))/(x/42).
7
Suppose 0*j = -5*j + 3*v - 3, -2*j - 5*v + 5 = 0. Let r(p) = j*p - 9 + 8 - 4*p. What are the prime factors of r(-3)?
11
Suppose 0 = -j - 3*m - 13, 0 = -2*j - 0*j - m - 6. Let w(p) = 2 - 9*p + 2*p - 1. What are the prime factors of w(j)?
2
Let t(a) be the third derivative of -a**5/30 + a**4/24 + 17*a**3/6 + 2*a**2. List the prime factors of t(0).
17
Let q(f) = 6*f - 20. What are the prime factors of q(15)?
2, 5, 7
Let k(f) be the third derivative of 0 - 2*f**2 + 0*f + 1/2*f**3 + 1/60*f**5 - 5/24*f**4. What are the prime factors of k(5)?
3
Let j be (-4)/3*(-3)/2. Let d(v) = v + 9. Let q be d(-4). Suppose -q*b - h = -12, -b - j*b + h + 4 = 0. What are the prime factors of b?
2
Suppose 3*r - 4 = 2*r. Lis